{"id":95,"date":"2019-05-12T11:28:28","date_gmt":"2019-05-12T09:28:28","guid":{"rendered":"http:\/\/chantal-abadie-magnetiseur.com\/?page_id=95"},"modified":"2019-12-09T15:38:46","modified_gmt":"2019-12-09T14:38:46","slug":"deroulement-dune-seance","status":"publish","type":"page","link":"https:\/\/chantal-abadie-magnetiseur.com\/index.php\/deroulement-dune-seance\/","title":{"rendered":""},"content":{"rendered":"\t\t<div data-elementor-type=\"wp-post\" data-elementor-id=\"95\" class=\"elementor elementor-95\">\n\t\t\t\t\t\t\t\t\t<section class=\"elementor-section elementor-top-section elementor-element elementor-element-8ec5d34 elementor-section-stretched elementor-section-content-middle elementor-section-boxed elementor-section-height-default elementor-section-height-default\" data-id=\"8ec5d34\" data-element_type=\"section\" data-settings=\"{&quot;stretch_section&quot;:&quot;section-stretched&quot;}\">\n\t\t\t\t\t\t<div class=\"elementor-container elementor-column-gap-default\">\n\t\t\t\t\t<div class=\"elementor-column elementor-col-100 elementor-top-column elementor-element elementor-element-31521d6\" data-id=\"31521d6\" data-element_type=\"column\">\n\t\t\t<div class=\"elementor-widget-wrap elementor-element-populated\">\n\t\t\t\t\t\t\t\t<div class=\"elementor-element elementor-element-54991fd elementor-widget elementor-widget-image\" data-id=\"54991fd\" data-element_type=\"widget\" data-widget_type=\"image.default\">\n\t\t\t\t<div class=\"elementor-widget-container\">\n\t\t\t\t\t\t\t\t\t\t\t\t\t\t\t<img fetchpriority=\"high\" decoding=\"async\" width=\"525\" height=\"746\" src=\"https:\/\/chantal-abadie-magnetiseur.com\/wp-content\/uploads\/2019\/06\/pour-site-soin-001-effet-721x1024.jpg\" class=\"attachment-large size-large wp-image-192\" alt=\"\" srcset=\"https:\/\/chantal-abadie-magnetiseur.com\/wp-content\/uploads\/2019\/06\/pour-site-soin-001-effet-721x1024.jpg 721w, https:\/\/chantal-abadie-magnetiseur.com\/wp-content\/uploads\/2019\/06\/pour-site-soin-001-effet-211x300.jpg 211w, https:\/\/chantal-abadie-magnetiseur.com\/wp-content\/uploads\/2019\/06\/pour-site-soin-001-effet-768x1091.jpg 768w\" sizes=\"100vw\" \/>\t\t\t\t\t\t\t\t\t\t\t\t\t\t\t<\/div>\n\t\t\t\t<\/div>\n\t\t\t\t\t<\/div>\n\t\t<\/div>\n\t\t\t\t\t\t\t<\/div>\n\t\t<\/section>\n\t\t\t\t<section class=\"elementor-section elementor-top-section elementor-element elementor-element-b55dbae elementor-section-stretched elementor-section-content-middle elementor-section-boxed elementor-section-height-default elementor-section-height-default\" data-id=\"b55dbae\" data-element_type=\"section\" data-settings=\"{&quot;stretch_section&quot;:&quot;section-stretched&quot;}\">\n\t\t\t\t\t\t<div class=\"elementor-container elementor-column-gap-default\">\n\t\t\t\t\t<div class=\"elementor-column elementor-col-33 elementor-top-column elementor-element elementor-element-a8b8343\" data-id=\"a8b8343\" data-element_type=\"column\">\n\t\t\t<div class=\"elementor-widget-wrap\">\n\t\t\t\t\t\t\t\t\t<\/div>\n\t\t<\/div>\n\t\t\t\t<div class=\"elementor-column elementor-col-33 elementor-top-column elementor-element elementor-element-99680f3\" data-id=\"99680f3\" data-element_type=\"column\">\n\t\t\t<div class=\"elementor-widget-wrap elementor-element-populated\">\n\t\t\t\t\t\t\t\t<div class=\"elementor-element elementor-element-b28950b elementor-widget elementor-widget-text-editor\" data-id=\"b28950b\" data-element_type=\"widget\" data-widget_type=\"text-editor.default\">\n\t\t\t\t<div class=\"elementor-widget-container\">\n\t\t\t\t\t\t\t<p><span style=\"font-weight: bold; color: #3366ff; font-family: Rufina, sans-serif; text-align: justify;\">Comment se d\u00e9roule la s\u00e9ance en pr\u00e9sence ?<\/span><\/p>\t\t\t\t\t\t<\/div>\n\t\t\t\t<\/div>\n\t\t\t\t\t<\/div>\n\t\t<\/div>\n\t\t\t\t<div class=\"elementor-column elementor-col-33 elementor-top-column elementor-element elementor-element-5a1fb0d\" data-id=\"5a1fb0d\" data-element_type=\"column\">\n\t\t\t<div class=\"elementor-widget-wrap\">\n\t\t\t\t\t\t\t\t\t<\/div>\n\t\t<\/div>\n\t\t\t\t\t\t\t<\/div>\n\t\t<\/section>\n\t\t\t\t<section class=\"elementor-section elementor-top-section elementor-element elementor-element-f922c8f elementor-section-stretched elementor-section-content-middle elementor-section-boxed elementor-section-height-default elementor-section-height-default\" data-id=\"f922c8f\" data-element_type=\"section\" data-settings=\"{&quot;stretch_section&quot;:&quot;section-stretched&quot;}\">\n\t\t\t\t\t\t<div class=\"elementor-container elementor-column-gap-default\">\n\t\t\t\t\t<div class=\"elementor-column elementor-col-100 elementor-top-column elementor-element elementor-element-37b86e6\" data-id=\"37b86e6\" data-element_type=\"column\">\n\t\t\t<div class=\"elementor-widget-wrap elementor-element-populated\">\n\t\t\t\t\t\t\t\t<div class=\"elementor-element elementor-element-6dcd114 elementor-widget elementor-widget-text-editor\" data-id=\"6dcd114\" data-element_type=\"widget\" data-widget_type=\"text-editor.default\">\n\t\t\t\t<div class=\"elementor-widget-container\">\n\t\t\t\t\t\t\t<ul style=\"color: #0000aa; font-family: Rufina, sans-serif; text-align: justify;\">\n<li><span style=\"font-size: 1rem; color: #3366ff;\">La s\u00e9ance d\u00e9bute par un entretien de fa\u00e7on \u00e0 faire connaissance, en toute confidentialit\u00e9, lors de la premi\u00e8re s\u00e9ance et de faire un point lors des suivantes s\u2019il y a lieu.<\/span><\/li>\n<li><span style=\"color: #3366ff;\">La s\u00e9ance se fait sur table de massage, la personne restant enti\u00e8rement habill\u00e9e.<\/span><\/li>\n<li><span style=\"color: #3366ff;\">Aucun massage, manipulation ni m\u00eame contact direct puisque les mains se d\u00e9placent \u00e0 une distance de 10 \u00e0 15 cm.<\/span><\/li>\n<li><span style=\"color: #3366ff;\">La s\u00e9ance dure en g\u00e9n\u00e9ral entre 30 et 45mn<\/span><\/li>\n<li><span style=\"color: #3366ff;\">\u00c0 la fin de la s\u00e9ance, j\u2019appr\u00e9cie d\u2019avoir les ressentis de la personne.<\/span><\/li>\n<\/ul>\n<p style=\"color: #0000aa; font-family: Rufina, sans-serif; ; font-size: 15px; text-align: justify;\"><span style=\"color: #3366ff;\"><em>N.B. :\u00a0s\u2019il s\u2019agit d\u2019un mineur, la pr\u00e9sence d\u2019un des parents sera demand\u00e9e.<\/em><\/span><\/p>\t\t\t\t\t\t<\/div>\n\t\t\t\t<\/div>\n\t\t\t\t\t<\/div>\n\t\t<\/div>\n\t\t\t\t\t\t\t<\/div>\n\t\t<\/section>\n\t\t\t\t<section class=\"elementor-section elementor-top-section elementor-element elementor-element-5d985d6 elementor-section-stretched elementor-section-content-middle elementor-section-boxed elementor-section-height-default elementor-section-height-default\" data-id=\"5d985d6\" data-element_type=\"section\" data-settings=\"{&quot;stretch_section&quot;:&quot;section-stretched&quot;}\">\n\t\t\t\t\t\t<div class=\"elementor-container elementor-column-gap-default\">\n\t\t\t\t\t<div class=\"elementor-column elementor-col-33 elementor-top-column elementor-element elementor-element-2270216\" data-id=\"2270216\" data-element_type=\"column\">\n\t\t\t<div class=\"elementor-widget-wrap\">\n\t\t\t\t\t\t\t\t\t<\/div>\n\t\t<\/div>\n\t\t\t\t<div class=\"elementor-column elementor-col-33 elementor-top-column elementor-element elementor-element-1e714ea\" data-id=\"1e714ea\" data-element_type=\"column\">\n\t\t\t<div class=\"elementor-widget-wrap elementor-element-populated\">\n\t\t\t\t\t\t\t\t<div class=\"elementor-element elementor-element-bb635e2 elementor-widget elementor-widget-text-editor\" data-id=\"bb635e2\" data-element_type=\"widget\" data-widget_type=\"text-editor.default\">\n\t\t\t\t<div class=\"elementor-widget-container\">\n\t\t\t\t\t\t\t<p><span style=\"font-family: Rufina, sans-serif; font-weight: bold; text-align: justify; color: #3366ff;\">Comment se d\u00e9roule la s\u00e9ance \u00e0 distance ?<\/span><\/p>\t\t\t\t\t\t<\/div>\n\t\t\t\t<\/div>\n\t\t\t\t\t<\/div>\n\t\t<\/div>\n\t\t\t\t<div class=\"elementor-column elementor-col-33 elementor-top-column elementor-element elementor-element-f21c019\" data-id=\"f21c019\" data-element_type=\"column\">\n\t\t\t<div class=\"elementor-widget-wrap\">\n\t\t\t\t\t\t\t\t\t<\/div>\n\t\t<\/div>\n\t\t\t\t\t\t\t<\/div>\n\t\t<\/section>\n\t\t\t\t<section class=\"elementor-section elementor-top-section elementor-element elementor-element-138e2458 elementor-section-stretched elementor-section-content-middle elementor-section-boxed elementor-section-height-default elementor-section-height-default\" data-id=\"138e2458\" data-element_type=\"section\" data-settings=\"{&quot;stretch_section&quot;:&quot;section-stretched&quot;}\">\n\t\t\t\t\t\t<div class=\"elementor-container elementor-column-gap-no\">\n\t\t\t\t\t<div class=\"elementor-column elementor-col-100 elementor-top-column elementor-element elementor-element-37739783\" data-id=\"37739783\" data-element_type=\"column\">\n\t\t\t<div class=\"elementor-widget-wrap elementor-element-populated\">\n\t\t\t\t\t\t\t\t<div class=\"elementor-element elementor-element-4c04226b elementor-widget elementor-widget-text-editor\" data-id=\"4c04226b\" data-element_type=\"widget\" data-widget_type=\"text-editor.default\">\n\t\t\t\t<div class=\"elementor-widget-container\">\n\t\t\t\t\t\t\t<p><!-- wp:paragraph --><\/p>\n<ul>\n<li><span style=\"color: #3366ff;\">Vous prenez un\u00a0RDV\u00a0t\u00e9l\u00e9phonique.\u00a0(de fa\u00e7on \u00e0 \u00eatre dans les conditions optimales et pour informer du d\u00e9but du soin)<\/span><\/li>\n<li><span style=\"color: #3366ff;\"><span style=\"font-size: 1rem;\">Vous r\u00e9glez votre s\u00e9ance\u00a0(48 h avant la s\u00e9ance pr\u00e9vue)\u00a0et m\u2019envoyez\u00a0une photo par SMS ou Mail. (ou par courrier quelques jours avant si cela ne vous est pas possible)<\/span><!-- \/wp:paragraph --><!-- wp:paragraph --><\/span><\/li>\n<li><span style=\"color: #3366ff;\">Je vous appelle en d\u00e9but de s\u00e9ance.\u00a0(l\u2019id\u00e9al est de vous allonger afin d\u2019\u00eatre plus d\u00e9tendu et plus r\u00e9ceptif et de ne plus \u00eatre d\u00e9rang\u00e9.).\u00a0<!-- \/wp:paragraph --><!-- wp:paragraph --><\/span><\/li>\n<li><span style=\"color: #3366ff;\">\u00c0 l\u2019issue de la s\u00e9ance, je vous appelle, car le retour est tr\u00e8s important pour moi.<\/span><\/li>\n<\/ul>\n<p><span style=\"color: #3366ff;\"><!-- \/wp:paragraph --><!-- wp:paragraph --><\/span><\/p>\n<p><span style=\"color: #3366ff;\"><em><strong>N.B. :\u00a0le magn\u00e9tisme \u00e0 distance a les m\u00eames effets qu\u2019une s\u00e9ance en face-\u00e0-face.<\/strong><\/em><\/span><\/p>\n<p><span style=\"color: #3366ff;\"><!-- \/wp:paragraph --><!-- wp:paragraph --><\/span><\/p>\n<p><span style=\"color: #3366ff;\">*Je reste toujours \u00e0 votre disposition par t\u00e9l\u00e9phone apr\u00e8s une s\u00e9ance en cas de besoin.<\/span><\/p>\n<p><!-- \/wp:paragraph --><\/p>\t\t\t\t\t\t<\/div>\n\t\t\t\t<\/div>\n\t\t\t\t\t<\/div>\n\t\t<\/div>\n\t\t\t\t\t\t\t<\/div>\n\t\t<\/section>\n\t\t\t\t\t\t\t<\/div>\n\t\t","protected":false},"excerpt":{"rendered":"<p>Comment se d\u00e9roule la s\u00e9ance en pr\u00e9sence ? La s\u00e9ance d\u00e9bute par un entretien de fa\u00e7on \u00e0 faire connaissance, en toute confidentialit\u00e9, lors de la premi\u00e8re s\u00e9ance et de faire un point lors des suivantes s\u2019il y a lieu. La s\u00e9ance se fait sur table de massage, la personne restant enti\u00e8rement habill\u00e9e. Aucun massage, manipulation &hellip; <\/p>\n<p class=\"link-more\"><a href=\"https:\/\/chantal-abadie-magnetiseur.com\/index.php\/deroulement-dune-seance\/\" class=\"more-link\">Continuer la lecture<span class=\"screen-reader-text\"> de &laquo;&nbsp;&nbsp;&raquo;<\/span><\/a><\/p>\n","protected":false},"author":1,"featured_media":0,"parent":0,"menu_order":0,"comment_status":"closed","ping_status":"closed","template":"","meta":{"footnotes":""},"yoast_head":"<!-- This site is optimized with the Yoast SEO plugin v21.6 - https:\/\/yoast.com\/wordpress\/plugins\/seo\/ -->\n<title>- Chantal Abadie Magn\u00e9tiseur 78<\/title>\n<meta name=\"robots\" content=\"index, follow, max-snippet:-1, max-image-preview:large, max-video-preview:-1\" \/>\n<link rel=\"canonical\" href=\"https:\/\/chantal-abadie-magnetiseur.com\/index.php\/deroulement-dune-seance\/\" \/>\n<meta property=\"og:locale\" content=\"fr_FR\" \/>\n<meta property=\"og:type\" content=\"article\" \/>\n<meta property=\"og:title\" content=\"- Chantal Abadie Magn\u00e9tiseur 78\" \/>\n<meta property=\"og:description\" content=\"Comment se d\u00e9roule la s\u00e9ance en pr\u00e9sence ? La s\u00e9ance d\u00e9bute par un entretien de fa\u00e7on \u00e0 faire connaissance, en toute confidentialit\u00e9, lors de la premi\u00e8re s\u00e9ance et de faire un point lors des suivantes s\u2019il y a lieu. La s\u00e9ance se fait sur table de massage, la personne restant enti\u00e8rement habill\u00e9e. Aucun massage, manipulation &hellip; Continuer la lecture de &laquo;&nbsp;&nbsp;&raquo;\" \/>\n<meta property=\"og:url\" content=\"https:\/\/chantal-abadie-magnetiseur.com\/index.php\/deroulement-dune-seance\/\" \/>\n<meta property=\"og:site_name\" content=\"Chantal Abadie Magn\u00e9tiseur 78\" \/>\n<meta property=\"article:modified_time\" content=\"2019-12-09T14:38:46+00:00\" \/>\n<meta property=\"og:image\" content=\"http:\/\/chantal-abadie-magnetiseur.com\/wp-content\/uploads\/2019\/06\/pour-site-soin-001-effet-721x1024.jpg\" \/>\n<meta name=\"twitter:card\" content=\"summary_large_image\" \/>\n<meta name=\"twitter:label1\" content=\"Dur\u00e9e de lecture estim\u00e9e\" \/>\n\t<meta name=\"twitter:data1\" content=\"1 minute\" \/>\n<script type=\"application\/ld+json\" class=\"yoast-schema-graph\">{\"@context\":\"https:\/\/schema.org\",\"@graph\":[{\"@type\":\"WebPage\",\"@id\":\"https:\/\/chantal-abadie-magnetiseur.com\/index.php\/deroulement-dune-seance\/\",\"url\":\"https:\/\/chantal-abadie-magnetiseur.com\/index.php\/deroulement-dune-seance\/\",\"name\":\"- Chantal Abadie Magn\u00e9tiseur 78\",\"isPartOf\":{\"@id\":\"https:\/\/chantal-abadie-magnetiseur.com\/#website\"},\"datePublished\":\"2019-05-12T09:28:28+00:00\",\"dateModified\":\"2019-12-09T14:38:46+00:00\",\"inLanguage\":\"fr-FR\",\"potentialAction\":[{\"@type\":\"ReadAction\",\"target\":[\"https:\/\/chantal-abadie-magnetiseur.com\/index.php\/deroulement-dune-seance\/\"]}]},{\"@type\":\"WebSite\",\"@id\":\"https:\/\/chantal-abadie-magnetiseur.com\/#website\",\"url\":\"https:\/\/chantal-abadie-magnetiseur.com\/\",\"name\":\"Chantal Abadie Magn\u00e9tiseur 78\",\"description\":\"Soins par magn\u00e9tisme\",\"potentialAction\":[{\"@type\":\"SearchAction\",\"target\":{\"@type\":\"EntryPoint\",\"urlTemplate\":\"https:\/\/chantal-abadie-magnetiseur.com\/?s={search_term_string}\"},\"query-input\":\"required name=search_term_string\"}],\"inLanguage\":\"fr-FR\"}]}<\/script>\n<!-- \/ Yoast SEO plugin. -->","yoast_head_json":{"title":"- Chantal Abadie Magn\u00e9tiseur 78","robots":{"index":"index","follow":"follow","max-snippet":"max-snippet:-1","max-image-preview":"max-image-preview:large","max-video-preview":"max-video-preview:-1"},"canonical":"https:\/\/chantal-abadie-magnetiseur.com\/index.php\/deroulement-dune-seance\/","og_locale":"fr_FR","og_type":"article","og_title":"- Chantal Abadie Magn\u00e9tiseur 78","og_description":"Comment se d\u00e9roule la s\u00e9ance en pr\u00e9sence ? La s\u00e9ance d\u00e9bute par un entretien de fa\u00e7on \u00e0 faire connaissance, en toute confidentialit\u00e9, lors de la premi\u00e8re s\u00e9ance et de faire un point lors des suivantes s\u2019il y a lieu. La s\u00e9ance se fait sur table de massage, la personne restant enti\u00e8rement habill\u00e9e. Aucun massage, manipulation &hellip; Continuer la lecture de &laquo;&nbsp;&nbsp;&raquo;","og_url":"https:\/\/chantal-abadie-magnetiseur.com\/index.php\/deroulement-dune-seance\/","og_site_name":"Chantal Abadie Magn\u00e9tiseur 78","article_modified_time":"2019-12-09T14:38:46+00:00","og_image":[{"url":"http:\/\/chantal-abadie-magnetiseur.com\/wp-content\/uploads\/2019\/06\/pour-site-soin-001-effet-721x1024.jpg"}],"twitter_card":"summary_large_image","twitter_misc":{"Dur\u00e9e de lecture estim\u00e9e":"1 minute"},"schema":{"@context":"https:\/\/schema.org","@graph":[{"@type":"WebPage","@id":"https:\/\/chantal-abadie-magnetiseur.com\/index.php\/deroulement-dune-seance\/","url":"https:\/\/chantal-abadie-magnetiseur.com\/index.php\/deroulement-dune-seance\/","name":"- Chantal Abadie Magn\u00e9tiseur 78","isPartOf":{"@id":"https:\/\/chantal-abadie-magnetiseur.com\/#website"},"datePublished":"2019-05-12T09:28:28+00:00","dateModified":"2019-12-09T14:38:46+00:00","inLanguage":"fr-FR","potentialAction":[{"@type":"ReadAction","target":["https:\/\/chantal-abadie-magnetiseur.com\/index.php\/deroulement-dune-seance\/"]}]},{"@type":"WebSite","@id":"https:\/\/chantal-abadie-magnetiseur.com\/#website","url":"https:\/\/chantal-abadie-magnetiseur.com\/","name":"Chantal Abadie Magn\u00e9tiseur 78","description":"Soins par magn\u00e9tisme","potentialAction":[{"@type":"SearchAction","target":{"@type":"EntryPoint","urlTemplate":"https:\/\/chantal-abadie-magnetiseur.com\/?s={search_term_string}"},"query-input":"required name=search_term_string"}],"inLanguage":"fr-FR"}]}},"_links":{"self":[{"href":"https:\/\/chantal-abadie-magnetiseur.com\/index.php\/wp-json\/wp\/v2\/pages\/95"}],"collection":[{"href":"https:\/\/chantal-abadie-magnetiseur.com\/index.php\/wp-json\/wp\/v2\/pages"}],"about":[{"href":"https:\/\/chantal-abadie-magnetiseur.com\/index.php\/wp-json\/wp\/v2\/types\/page"}],"author":[{"embeddable":true,"href":"https:\/\/chantal-abadie-magnetiseur.com\/index.php\/wp-json\/wp\/v2\/users\/1"}],"replies":[{"embeddable":true,"href":"https:\/\/chantal-abadie-magnetiseur.com\/index.php\/wp-json\/wp\/v2\/comments?post=95"}],"version-history":[{"count":25,"href":"https:\/\/chantal-abadie-magnetiseur.com\/index.php\/wp-json\/wp\/v2\/pages\/95\/revisions"}],"predecessor-version":[{"id":488,"href":"https:\/\/chantal-abadie-magnetiseur.com\/index.php\/wp-json\/wp\/v2\/pages\/95\/revisions\/488"}],"wp:attachment":[{"href":"https:\/\/chantal-abadie-magnetiseur.com\/index.php\/wp-json\/wp\/v2\/media?parent=95"}],"curies":[{"name":"wp","href":"https:\/\/api.w.org\/{rel}","templated":true}]}}