{"id":91,"date":"2019-05-12T11:23:01","date_gmt":"2019-05-12T09:23:01","guid":{"rendered":"http:\/\/chantal-abadie-magnetiseur.com\/?page_id=91"},"modified":"2019-12-09T15:47:37","modified_gmt":"2019-12-09T14:47:37","slug":"deontologie","status":"publish","type":"page","link":"https:\/\/chantal-abadie-magnetiseur.com\/index.php\/deontologie\/","title":{"rendered":""},"content":{"rendered":"\t\t<div data-elementor-type=\"wp-post\" data-elementor-id=\"91\" class=\"elementor elementor-91\">\n\t\t\t\t\t\t\t\t\t<section class=\"elementor-section elementor-top-section elementor-element elementor-element-653d1955 elementor-section-stretched elementor-section-content-middle elementor-section-boxed elementor-section-height-default elementor-section-height-default\" data-id=\"653d1955\" data-element_type=\"section\" data-settings=\"{&quot;stretch_section&quot;:&quot;section-stretched&quot;}\">\n\t\t\t\t\t\t<div class=\"elementor-container elementor-column-gap-extended\">\n\t\t\t\t\t<div class=\"elementor-column elementor-col-100 elementor-top-column elementor-element elementor-element-17079b13\" data-id=\"17079b13\" data-element_type=\"column\">\n\t\t\t<div class=\"elementor-widget-wrap elementor-element-populated\">\n\t\t\t\t\t\t\t\t<div class=\"elementor-element elementor-element-44a1116f elementor-widget elementor-widget-text-editor\" data-id=\"44a1116f\" data-element_type=\"widget\" data-widget_type=\"text-editor.default\">\n\t\t\t\t<div class=\"elementor-widget-container\">\n\t\t\t\t\t\t\t<p><!-- wp:paragraph --><\/p>\n<p><span style=\"color: #3366ff;\">Le magn\u00e9tisme ne se substitue en aucun cas au m\u00e9decin, mais intervient toujours en compl\u00e9ment des traitements conventionnels qu\u2019il ne demandera bien \u00e9videmment jamais de suspendre ni de modifier.\u00a0Il demandera d\u2019ailleurs syst\u00e9matiquement \u00e0 la personne d\u2019avoir au pr\u00e9alable consult\u00e9 un m\u00e9decin.<\/span><\/p>\n<p><span style=\"color: #3366ff;\"><!-- \/wp:paragraph --><!-- wp:paragraph --><\/span><\/p>\n<ul>\n<li><span style=\"color: #3366ff;\">Il ne fait jamais de diagnostic.<!-- \/wp:paragraph --><!-- wp:paragraph --><\/span><\/li>\n<li><span style=\"color: #3366ff;\">Il ne peut garantir de r\u00e9sultat lors de son intervention ni ne promet jamais de gu\u00e9rison.<\/span><\/li>\n<li><span style=\"color: #3366ff;\"><span style=\"font-size: 1rem;\">Il ne manipule pas ni ne fait de massages.<\/span><!-- \/wp:paragraph --><!-- wp:paragraph --><\/span><\/li>\n<li><span style=\"color: #3366ff;\">Il respectera le secret professionnel.<\/span><\/li>\n<\/ul>\n<p><!-- \/wp:paragraph --><!-- wp:heading {\"level\":3} --><\/p>\n<p><!-- \/wp:paragraph --><!-- wp:paragraph --><\/p>\n<p><!-- \/wp:paragraph --><\/p>\t\t\t\t\t\t<\/div>\n\t\t\t\t<\/div>\n\t\t\t\t\t<\/div>\n\t\t<\/div>\n\t\t\t\t\t\t\t<\/div>\n\t\t<\/section>\n\t\t\t\t<section class=\"elementor-section elementor-top-section elementor-element elementor-element-93546ea elementor-section-stretched elementor-section-content-middle elementor-section-boxed elementor-section-height-default elementor-section-height-default\" data-id=\"93546ea\" data-element_type=\"section\" data-settings=\"{&quot;stretch_section&quot;:&quot;section-stretched&quot;}\">\n\t\t\t\t\t\t<div class=\"elementor-container elementor-column-gap-default\">\n\t\t\t\t\t<div class=\"elementor-column elementor-col-33 elementor-top-column elementor-element elementor-element-9d447fc\" data-id=\"9d447fc\" data-element_type=\"column\">\n\t\t\t<div class=\"elementor-widget-wrap\">\n\t\t\t\t\t\t\t\t\t<\/div>\n\t\t<\/div>\n\t\t\t\t<div class=\"elementor-column elementor-col-33 elementor-top-column elementor-element elementor-element-01d7bd2\" data-id=\"01d7bd2\" data-element_type=\"column\">\n\t\t\t<div class=\"elementor-widget-wrap elementor-element-populated\">\n\t\t\t\t\t\t\t\t<div class=\"elementor-element elementor-element-3fa0fcd elementor-widget elementor-widget-text-editor\" data-id=\"3fa0fcd\" data-element_type=\"widget\" data-widget_type=\"text-editor.default\">\n\t\t\t\t<div class=\"elementor-widget-container\">\n\t\t\t\t\t\t\t<p><span style=\"font-weight: bold; color: #3366ff; font-family: Rufina, sans-serif; text-align: justify;\">MISE EN GARDE<\/span><\/p>\t\t\t\t\t\t<\/div>\n\t\t\t\t<\/div>\n\t\t\t\t\t<\/div>\n\t\t<\/div>\n\t\t\t\t<div class=\"elementor-column elementor-col-33 elementor-top-column elementor-element elementor-element-c79edeb\" data-id=\"c79edeb\" data-element_type=\"column\">\n\t\t\t<div class=\"elementor-widget-wrap\">\n\t\t\t\t\t\t\t\t\t<\/div>\n\t\t<\/div>\n\t\t\t\t\t\t\t<\/div>\n\t\t<\/section>\n\t\t\t\t<section class=\"elementor-section elementor-top-section elementor-element elementor-element-73c6c49 elementor-section-stretched elementor-section-content-middle elementor-section-boxed elementor-section-height-default elementor-section-height-default\" data-id=\"73c6c49\" data-element_type=\"section\" data-settings=\"{&quot;stretch_section&quot;:&quot;section-stretched&quot;}\">\n\t\t\t\t\t\t<div class=\"elementor-container elementor-column-gap-default\">\n\t\t\t\t\t<div class=\"elementor-column elementor-col-100 elementor-top-column elementor-element elementor-element-f6ae639\" data-id=\"f6ae639\" data-element_type=\"column\">\n\t\t\t<div class=\"elementor-widget-wrap elementor-element-populated\">\n\t\t\t\t\t\t\t\t<div class=\"elementor-element elementor-element-0de98d1 elementor-widget__width-auto elementor-widget elementor-widget-text-editor\" data-id=\"0de98d1\" data-element_type=\"widget\" data-widget_type=\"text-editor.default\">\n\t\t\t\t<div class=\"elementor-widget-container\">\n\t\t\t\t\t\t\t<p><span style=\"color: #3366ff;\"><span style=\"font-weight: bold; font-family: Rufina, sans-serif; text-align: justify;\"><em>Le magn\u00e9tiseur refusera d\u2019intervenir sur une personne majeure sans le consentement de celle-ci . <\/em><\/span><span style=\"font-weight: bold; font-family: Rufina, sans-serif; text-align: justify;\"><em style=\"font-size: 1rem;\">(m\u00eame si c\u2019est pour son bien)<\/em><\/span><\/span><\/p>\t\t\t\t\t\t<\/div>\n\t\t\t\t<\/div>\n\t\t\t\t\t<\/div>\n\t\t<\/div>\n\t\t\t\t\t\t\t<\/div>\n\t\t<\/section>\n\t\t\t\t\t\t\t<\/div>\n\t\t","protected":false},"excerpt":{"rendered":"<p>Le magn\u00e9tisme ne se substitue en aucun cas au m\u00e9decin, mais intervient toujours en compl\u00e9ment des traitements conventionnels qu\u2019il ne demandera bien \u00e9videmment jamais de suspendre ni de modifier.\u00a0Il demandera d\u2019ailleurs syst\u00e9matiquement \u00e0 la personne d\u2019avoir au pr\u00e9alable consult\u00e9 un m\u00e9decin. Il ne fait jamais de diagnostic. Il ne peut garantir de r\u00e9sultat lors de &hellip; <\/p>\n<p class=\"link-more\"><a href=\"https:\/\/chantal-abadie-magnetiseur.com\/index.php\/deontologie\/\" class=\"more-link\">Continuer la lecture<span class=\"screen-reader-text\"> de &laquo;&nbsp;&nbsp;&raquo;<\/span><\/a><\/p>\n","protected":false},"author":1,"featured_media":0,"parent":0,"menu_order":0,"comment_status":"closed","ping_status":"closed","template":"","meta":{"footnotes":""},"yoast_head":"<!-- This site is optimized with the Yoast SEO plugin v21.6 - https:\/\/yoast.com\/wordpress\/plugins\/seo\/ -->\n<title>- Chantal Abadie Magn\u00e9tiseur 78<\/title>\n<meta name=\"robots\" content=\"index, follow, max-snippet:-1, max-image-preview:large, max-video-preview:-1\" \/>\n<link rel=\"canonical\" href=\"https:\/\/chantal-abadie-magnetiseur.com\/index.php\/deontologie\/\" \/>\n<meta property=\"og:locale\" content=\"fr_FR\" \/>\n<meta property=\"og:type\" content=\"article\" \/>\n<meta property=\"og:title\" content=\"- Chantal Abadie Magn\u00e9tiseur 78\" \/>\n<meta property=\"og:description\" content=\"Le magn\u00e9tisme ne se substitue en aucun cas au m\u00e9decin, mais intervient toujours en compl\u00e9ment des traitements conventionnels qu\u2019il ne demandera bien \u00e9videmment jamais de suspendre ni de modifier.\u00a0Il demandera d\u2019ailleurs syst\u00e9matiquement \u00e0 la personne d\u2019avoir au pr\u00e9alable consult\u00e9 un m\u00e9decin. Il ne fait jamais de diagnostic. Il ne peut garantir de r\u00e9sultat lors de &hellip; Continuer la lecture de &laquo;&nbsp;&nbsp;&raquo;\" \/>\n<meta property=\"og:url\" content=\"https:\/\/chantal-abadie-magnetiseur.com\/index.php\/deontologie\/\" \/>\n<meta property=\"og:site_name\" content=\"Chantal Abadie Magn\u00e9tiseur 78\" \/>\n<meta property=\"article:modified_time\" content=\"2019-12-09T14:47:37+00:00\" \/>\n<meta name=\"twitter:card\" content=\"summary_large_image\" \/>\n<meta name=\"twitter:label1\" content=\"Dur\u00e9e de lecture estim\u00e9e\" \/>\n\t<meta name=\"twitter:data1\" content=\"1 minute\" \/>\n<script type=\"application\/ld+json\" class=\"yoast-schema-graph\">{\"@context\":\"https:\/\/schema.org\",\"@graph\":[{\"@type\":\"WebPage\",\"@id\":\"https:\/\/chantal-abadie-magnetiseur.com\/index.php\/deontologie\/\",\"url\":\"https:\/\/chantal-abadie-magnetiseur.com\/index.php\/deontologie\/\",\"name\":\"- Chantal Abadie Magn\u00e9tiseur 78\",\"isPartOf\":{\"@id\":\"https:\/\/chantal-abadie-magnetiseur.com\/#website\"},\"datePublished\":\"2019-05-12T09:23:01+00:00\",\"dateModified\":\"2019-12-09T14:47:37+00:00\",\"inLanguage\":\"fr-FR\",\"potentialAction\":[{\"@type\":\"ReadAction\",\"target\":[\"https:\/\/chantal-abadie-magnetiseur.com\/index.php\/deontologie\/\"]}]},{\"@type\":\"WebSite\",\"@id\":\"https:\/\/chantal-abadie-magnetiseur.com\/#website\",\"url\":\"https:\/\/chantal-abadie-magnetiseur.com\/\",\"name\":\"Chantal Abadie Magn\u00e9tiseur 78\",\"description\":\"Soins par magn\u00e9tisme\",\"potentialAction\":[{\"@type\":\"SearchAction\",\"target\":{\"@type\":\"EntryPoint\",\"urlTemplate\":\"https:\/\/chantal-abadie-magnetiseur.com\/?s={search_term_string}\"},\"query-input\":\"required name=search_term_string\"}],\"inLanguage\":\"fr-FR\"}]}<\/script>\n<!-- \/ Yoast SEO plugin. -->","yoast_head_json":{"title":"- Chantal Abadie Magn\u00e9tiseur 78","robots":{"index":"index","follow":"follow","max-snippet":"max-snippet:-1","max-image-preview":"max-image-preview:large","max-video-preview":"max-video-preview:-1"},"canonical":"https:\/\/chantal-abadie-magnetiseur.com\/index.php\/deontologie\/","og_locale":"fr_FR","og_type":"article","og_title":"- Chantal Abadie Magn\u00e9tiseur 78","og_description":"Le magn\u00e9tisme ne se substitue en aucun cas au m\u00e9decin, mais intervient toujours en compl\u00e9ment des traitements conventionnels qu\u2019il ne demandera bien \u00e9videmment jamais de suspendre ni de modifier.\u00a0Il demandera d\u2019ailleurs syst\u00e9matiquement \u00e0 la personne d\u2019avoir au pr\u00e9alable consult\u00e9 un m\u00e9decin. Il ne fait jamais de diagnostic. Il ne peut garantir de r\u00e9sultat lors de &hellip; Continuer la lecture de &laquo;&nbsp;&nbsp;&raquo;","og_url":"https:\/\/chantal-abadie-magnetiseur.com\/index.php\/deontologie\/","og_site_name":"Chantal Abadie Magn\u00e9tiseur 78","article_modified_time":"2019-12-09T14:47:37+00:00","twitter_card":"summary_large_image","twitter_misc":{"Dur\u00e9e de lecture estim\u00e9e":"1 minute"},"schema":{"@context":"https:\/\/schema.org","@graph":[{"@type":"WebPage","@id":"https:\/\/chantal-abadie-magnetiseur.com\/index.php\/deontologie\/","url":"https:\/\/chantal-abadie-magnetiseur.com\/index.php\/deontologie\/","name":"- Chantal Abadie Magn\u00e9tiseur 78","isPartOf":{"@id":"https:\/\/chantal-abadie-magnetiseur.com\/#website"},"datePublished":"2019-05-12T09:23:01+00:00","dateModified":"2019-12-09T14:47:37+00:00","inLanguage":"fr-FR","potentialAction":[{"@type":"ReadAction","target":["https:\/\/chantal-abadie-magnetiseur.com\/index.php\/deontologie\/"]}]},{"@type":"WebSite","@id":"https:\/\/chantal-abadie-magnetiseur.com\/#website","url":"https:\/\/chantal-abadie-magnetiseur.com\/","name":"Chantal Abadie Magn\u00e9tiseur 78","description":"Soins par magn\u00e9tisme","potentialAction":[{"@type":"SearchAction","target":{"@type":"EntryPoint","urlTemplate":"https:\/\/chantal-abadie-magnetiseur.com\/?s={search_term_string}"},"query-input":"required name=search_term_string"}],"inLanguage":"fr-FR"}]}},"_links":{"self":[{"href":"https:\/\/chantal-abadie-magnetiseur.com\/index.php\/wp-json\/wp\/v2\/pages\/91"}],"collection":[{"href":"https:\/\/chantal-abadie-magnetiseur.com\/index.php\/wp-json\/wp\/v2\/pages"}],"about":[{"href":"https:\/\/chantal-abadie-magnetiseur.com\/index.php\/wp-json\/wp\/v2\/types\/page"}],"author":[{"embeddable":true,"href":"https:\/\/chantal-abadie-magnetiseur.com\/index.php\/wp-json\/wp\/v2\/users\/1"}],"replies":[{"embeddable":true,"href":"https:\/\/chantal-abadie-magnetiseur.com\/index.php\/wp-json\/wp\/v2\/comments?post=91"}],"version-history":[{"count":26,"href":"https:\/\/chantal-abadie-magnetiseur.com\/index.php\/wp-json\/wp\/v2\/pages\/91\/revisions"}],"predecessor-version":[{"id":490,"href":"https:\/\/chantal-abadie-magnetiseur.com\/index.php\/wp-json\/wp\/v2\/pages\/91\/revisions\/490"}],"wp:attachment":[{"href":"https:\/\/chantal-abadie-magnetiseur.com\/index.php\/wp-json\/wp\/v2\/media?parent=91"}],"curies":[{"name":"wp","href":"https:\/\/api.w.org\/{rel}","templated":true}]}}